 the remainder when v is divided by g?
25
Let p = -11742 - -11820. Calculate the remainder when 602 is divided by p.
56
Let f(o) = -o**2 + 576*o - 24837. Let i = 34 - -14. Calculate the remainder when i is divided by f(47).
22
Let z = 1638 + -1568. Calculate the remainder when z is divided by 53.
17
Let j(r) = r. Let d be j(-2). Suppose l - 98 = -3*t, 187 = -4*l + 4*t + 499. Calculate the remainder when l is divided by (13/(195/(-20)))/(d/66).
39
Suppose 3*j = 7*d - 4213, 19*d - 14*d - 3*j - 3011 = 0. Calculate the remainder when d is divided by 29.
21
Let w(h) = -4986*h - 109. What is the remainder when w(-1) is divided by 271?
270
Suppose -6*a + 5*a + 38 = 0. What is the remainder when (-3)/21 - (3084/112)/(4/(-16)) is divided by a?
34
Let v(a) = -3*a**3 + 6*a**2 + 9*a - 1. Let j be v(-3). Let q = j - 101. Suppose -2*u - q + 8 = 0. Calculate the remainder when 4 is divided by u.
0
Let v = -40 + 44. Suppose -v*s + 55 + 33 = 0. Suppose -2*d = -6*r + r + 30, -4*d = 5*r. What is the remainder when s is divided by r?
2
Let i(u) = -109*u - 95. Let b be i(-7). Suppose 501 + b = 7*h. What is the remainder when h is divided by 14?
13
Let j = 27 + -41. Let c be (68/(-16))/(3*(-5)/120). Let u = j + c. What is the remainder when 79 is divided by u?
19
Suppose -2*k = -3*x + 1039, -4*k + 0*k + 3*x - 2093 = 0. Let b = 547 + k. Calculate the remainder when 1177 is divided by b.
17
Suppose 8*x - 161 - 631 = 0. Let g = x - 23. Let f(t) = t**2 - 2*t - 2. What is the remainder when g is divided by f(-3)?
11
Let o = 112 - 233. Let n = o + 193. Let s = n + -28. Calculate the remainder when 131 is divided by s.
43
Suppose t = 4*h + 114, t = h + 96 + 24. Let l = t - 27. What is the remainder when l is divided by 49?
46
Suppose -38170 + 77216 = 46*n - 95320. What is the remainder when n is divided by 79?
77
Let x = 791 + -443. Calculate the remainder when x is divided by 22.
18
Let o = 351 - 346. Suppose -2*x = -5*q + 152, -5*x - 126 - 14 = -o*q. What is the remainder when 51 is divided by q?
19
Let a = 898 + -857. What is the remainder when 368 is divided by a?
40
Let k = -603 + 777. Suppose o - 6*o = -5, -5*u - 299 = o. Let y = -38 - u. What is the remainder when k is divided by y?
20
Suppose -62*u = 9*u - 331 - 2580. Let f(p) = -23*p - 9. Calculate the remainder when f(-9) is divided by u.
34
Let g = 19 + -21. Calculate the remainder when ((-976)/(-20))/(g/(-5)) is divided by 4*(-157)/(-20) - 4/10.
29
Let i(p) = 2*p**2 + 11*p - 5. Let m be i(-7). Suppose c + c - 450 = -4*n, 4*n = -m. Calculate the remainder when c is divided by 78.
77
Suppose 3*s - 8 = -a + 13, -4*a + 4*s + 68 = 0. Calculate the remainder when -1 + (264 - 1/1) is divided by 960/a - (-3)/(-9).
50
Suppose 4*p + 4*i - 320 = 0, -4*p + i = 6*i - 315. Suppose -h + 2058 - 726 = 5*o, 0 = -o - 3*h + 244. What is the remainder when o is divided by p?
13
Let u be (13 + -14)*507/(-3). Let a = -93 + u. Calculate the remainder when 219 is divided by a.
67
Suppose -5 = -t + 2*a, -2*a + 9 = 4*t + a. Let m = -255 + 297. Suppose -135*i = -138*i + m. What is the remainder when i is divided by t?
2
Let l(k) = 3*k**2 + 104*k + 1045. Calculate the remainder when l(-12) is divided by 216.
13
Let s(g) = -19*g - 51. Let q be s(-5). Let w = 51 - q. Let l(d) = d**3 - 8*d**2 + 11*d - 8. What is the remainder when l(7) is divided by w?
6
Let p(i) = -i**2 + 5*i + 7. Suppose -4*a - 5*h = 48, 2*a + 5*h + 3 = -31. Let j be p(a). Let s = j + 246. Calculate the remainder when s is divided by 34.
33
Suppose -40*w + 37*w + 1554 = 0. Let l = w - 286. Suppose -14*t - l = -18*t. What is the remainder when t is divided by 15?
13
Suppose 2*d = -4*k + 526, 5*k - 74*d + 73*d - 654 = 0. Calculate the remainder when 7203 is divided by k.
129
Suppose 209 = 5*i + n, -n + 218 = 4*i + 51. Let v = i - 38. Suppose 0 = -3*p + 7*o - 4*o + 63, -o = v*p - 84. What is the remainder when 61 is divided by p?
19
Let q(s) = 15*s**3 - 2*s**2 + 2*s - 1. Let m = 40 + -39. What is the remainder when (2 - 6) + 2 + 27 is divided by q(m)?
11
Let y(o) be the second derivative of o**4/12 + 3*o**3/2 + 7*o**2/2 + 2*o. Suppose -101*l + 97*l - 36 = 0. Calculate the remainder when 13 is divided by y(l).
6
Let w be 5494/335 + (-6)/(-10). Suppose -3*q + w*q - 742 = 0. What is the remainder when q is divided by 15?
8
Suppose -11*o - 14535 = -7*o - 89*o. What is the remainder when 2558 is divided by o?
164
Let x = 19 + -15. Let d = x - -27. Let o = 22 - 11. What is the remainder when d is divided by o?
9
Calculate the remainder when 7*(-6 + (-3456)/(-126)) is divided by 142.
8
Suppose -84*y + 83*y = -5, a + 3*y = 42. Let w(b) = 5*b**3 + 6*b**2 - 5. Let j be w(-4). Let l = 335 + j. What is the remainder when l is divided by a?
25
Calculate the remainder when 632 is divided by 3/10 - (-136344)/1520.
2
Let g = -263 - -315. Let m = -25 - -29. Suppose -5*b + 252 = m*b. Calculate the remainder when g is divided by b.
24
Suppose 3*z - 5*q = 3029, 2*z - 36*q = -32*q + 2022. Calculate the remainder when z is divided by 265.
208
Suppose 0 - 4 = m, -3*m - 900 = -3*w. Suppose 3*p - 7*p = -w. Let a = p + -15. Calculate the remainder when a is divided by 16.
11
Suppose 0*j - 53*j = -49449. What is the remainder when j is divided by 20?
13
Suppose c + 68 = 5*b, 5*b - 173 = 3*c + 31. Let d = c + 22. What is the remainder when 3 - d/1 - 0 - -2 is divided by 26?
25
Let f be ((-6)/(-9))/(26/195). Let m be 24/(-18)*3/(-2). Suppose 0 = -2*q - f*y + 71, -33 = -q + m*y - 5*y. What is the remainder when q is divided by 17?
14
Let g(k) = -k**3 + 6*k + 8. Calculate the remainder when g(-5) is divided by -36*(3/18)/((-2)/6).
13
Suppose 34*r - 134 = 225 + 287. Calculate the remainder when 877 is divided by r.
3
Let k(s) = s**2 - 2. Let o be (-123)/(-15) + (-12)/(-15). Suppose -o = -11*r + 57. What is the remainder when r is divided by k(2)?
0
Suppose 0 = 2*l - 144 - 196. Suppose f - 2*w = 45, -16*f - 2*w + l = -12*f. Calculate the remainder when f is divided by 19.
5
Suppose -5 = y - 33. Suppose 2*v - 4*h = -12, 3*h + 34 = 20*v + 6. What is the remainder when y is divided by v?
0
Let t(c) = 31*c**2 - 11*c - 1. Let l be t(3). Let d = l + -222. What is the remainder when 456 is divided by d?
19
Let p(z) = z**3 - 11*z**2 - 50*z + 577. What is the remainder when 3594 is divided by p(11)?
3
Let y = -2 + 3. Suppose -4*d - v = -5, -d + 6 = v + 1. Let s = y - d. What is the remainder when 3 is divided by s?
0
Let a = 13 + -15. Let z be 7 + a*6/(-15)*-5. Suppose m = -z*m + 4*h + 140, -5*h + 42 = 2*m. Calculate the remainder when 60 is divided by m.
29
Let r(q) = 6*q + 32. Let v be r(-5). Suppose 3*t + f = 75, v*f - 78 = -10*t + 7*t. What is the remainder when 87 is divided by t?
15
Suppose -i = -5*y - 133, -2*y + 634 = 4*i - 8. Calculate the remainder when i is divided by 146.
12
Suppose 3 - 7 = -2*r. Suppose 0 = r*w - w - 4. Suppose -26 = -3*k + m, -2*m = 5*k - 3*m - 44. Calculate the remainder when k is divided by w.
1
Suppose 3*j - 2*o - 16 = 0, 0 = -3*j - 3*o + 4*o + 11. Let z(q) = -2*q**2 + j - 4*q**3 + 3*q**3 + 7 - 2. What is the remainder when z(-4) is divided by 20?
19
Suppose -2432 = -4*z + 3*c - 2393, -z = -2*c - 6. Calculate the remainder when 3666 is divided by z.
6
Suppose 4*y - 5*g = -29 + 228, 5*y + 5*g - 260 = 0. Let j = 481 + -478. Suppose y = j*t - 0*t. What is the remainder when 25 is divided by t?
8
Suppose -22*t = -19*t - 6. Let q(y) = 2*y + 2*y**2 + 64 - 3*y**2 + t*y**2 - 19. Calculate the remainder when 88 is divided by q(0).
43
Suppose 2*r = c - 15, 47*r - 5 = 52*r. What is the remainder when 2308 is divided by c?
7
Suppose 0 = 2697*u - 2718*u + 84. What is the remainder when 1786 is divided by u?
2
Let h = -66 + 92. Let a(i) = -9*i + 1. Let s be a(1). Let c = h + s. What is the remainder when c is divided by 7?
4
Calculate the remainder when 179 is divided by 3/15 - (5 + (-445)/25).
10
Let l = -224 - -256. Calculate the remainder when 956 is divided by l.
28
Suppose 0 = 3*l - 15, 3*c = -2857*l + 2861*l + 76. Calculate the remainder when -174*(21/(-6) - 2) is divided by c.
29
Let g(k) = -19*k - 4. Let i(b) = 4*b + 1. Let u(j) = -2*g(j) - 14*i(j). Calculate the remainder when 148 is divided by u(-2).
28
Suppose 2*s - 55 = 23. Suppose 4*h = -s - 29. Calculate the remainder when (9/4)